i and r?
5
Suppose 0 = -2*g - z + 34, 3*g + 12 - 41 = 4*z. Let h = -38 + 72. Let q = -24 + h. What is the highest common factor of g and q?
5
Let a = -17 + 28. Let m be (-197 - -1) + (-4)/2. Let z be (1 - 1) + m/(-2). Calculate the greatest common factor of z and a.
11
Suppose 0 = -3*b + 18 + 12. Let s = b - -20. What is the greatest common divisor of s and 10?
10
Suppose -5*u + 630 = -0*u. Let m be (-3)/3 + -3 + 10. Let n = 24 - m. Calculate the greatest common divisor of u and n.
18
Let k = 48 + 0. What is the greatest common divisor of 48 and k?
48
Let u be (-2)/6 + 115/3. Let s be ((-976)/(-12))/(-4)*-3. Let n = 34 + s. Calculate the greatest common divisor of n and u.
19
Let l(m) be the third derivative of -m**4/12 + 7*m**3/6 + 3*m**2. Let f be l(-8). What is the greatest common factor of 23 and f?
23
Suppose 3 = -n + 8. Suppose n*v + 105 = 5*z, -48 = -4*z - 2*v + 12. Let h = z - -13. Calculate the highest common divisor of h and 12.
6
Let x be (27/5)/((-3)/(-15)). Suppose 0 = 4*z - x - 29. Let l = 3 - 1. Calculate the greatest common factor of l and z.
2
Suppose -5*p = 7 + 3, 0 = 3*b - 2*p - 55. Let a be 65 - (2 + -3) - -2. Calculate the highest common divisor of b and a.
17
Let v be 1*((-4)/(-14) + 390/7). Suppose 2*d - 14 = d. Calculate the greatest common factor of d and v.
14
Let w = -33 - -39. What is the greatest common factor of w and 66?
6
Let s = -86 + 104. What is the greatest common divisor of 42 and s?
6
Let s = -19 + 34. Let w(a) = 3*a - 1 + a**3 + 5 + 10*a**2 + 5. Let p be w(-7). What is the greatest common divisor of p and s?
15
Suppose 2*t = 2*g + 4*t - 126, g - t - 63 = 0. Let l = -39 + g. Calculate the highest common factor of l and 4.
4
Let f(m) = 3*m + 1. Let b be 1/(2/8*2). Let i = 1 + b. Let y be f(i). Calculate the greatest common divisor of 1 and y.
1
Let y(j) = -8*j - 38. Let l be y(-5). Let g = -24 + 17. Let z be (-2 - g) + 2 - -1. What is the greatest common factor of l and z?
2
Suppose 5*z - 50 = -4*l, 0 = -2*z - 4. Let c be 2 - (-5*1)/(-1). Let o be (-16)/(-6) + c/(-9). What is the greatest common factor of l and o?
3
Let p be (4/(-6) + -1)*-3. Suppose -f - 2 = -p. What is the highest common divisor of 21 and f?
3
Suppose -5*y = -y - 144. Suppose 3*h - 5 = -5*m, 0 = -m - 7*h + 2*h - 21. Calculate the greatest common factor of y and m.
4
Let m be 2/5 - (-24)/40. Let u be (-4 - (-3)/m) + 61. What is the highest common divisor of 15 and u?
15
Let r(q) = -4*q - 7. Let n be r(-2). Let t be n/((8/66)/4). What is the highest common factor of t and 22?
11
Suppose -2*q - 5 = -7*q. What is the highest common divisor of 3 and q?
1
Suppose b + 14 = 37. Calculate the highest common divisor of 207 and b.
23
Let d = -248 + 419. Let o(v) = v**2 + 5*v - 4. Let s be o(-6). Suppose s*i - 6*i = -76. What is the greatest common divisor of i and d?
19
Suppose 3*v + y - 28 = 0, 3*y - 8 = -v + 12. Suppose t = -t. Suppose t = w - 4*i - 2, 3*i - 3 = 5*w - 13. Calculate the greatest common factor of v and w.
2
Let x(z) = z**3 + 4*z + 5*z**2 - 1 + 2*z + z + 5*z**2. Let h be x(-9). Calculate the highest common factor of h and 68.
17
Let y(w) = 7*w**2 - 3*w - 6. Let q be y(-5). What is the highest common factor of 23 and q?
23
Suppose 7*s + 48 = 10*s. Calculate the highest common divisor of s and 112.
16
Let t = -11 - -13. Let f be ((-40)/14)/(t/(-7)). Calculate the greatest common factor of f and 20.
10
Suppose -2*h + 4*z = -h - 72, 250 = 3*h + 5*z. What is the greatest common divisor of h and 16?
16
Suppose 0 = -l + 3*q + 56 - 11, -q + 225 = 5*l. What is the highest common divisor of 30 and l?
15
Let x(r) = 2*r**2 - 25*r + 26. Let n be x(12). Calculate the greatest common divisor of 14 and n.
14
Let f(l) = 17*l**2 + l + 2. Let a be f(-3). Let g be (-112)/(-6) - 1/(-3). Calculate the highest common divisor of a and g.
19
Suppose -w + 15 = -3*t, -1 + 3 = -2*t. What is the greatest common divisor of 8 and w?
4
Let s(b) = -b**2 + b + 10. Let y be s(0). Let d(r) = 10 - y*r**2 + 4*r**3 - 5*r**3 + 1 - 9*r. Let t be d(-9). Calculate the highest common factor of 44 and t.
11
Suppose -5*r = -c - 13, 10 = -0*r + 4*r - c. Suppose r*q + 3 = 27. Calculate the highest common factor of q and 20.
4
Let d be (-104)/(-28) + 4/14. Let m be (-4)/(d/(-129)) - -3. What is the highest common factor of 12 and m?
12
Let z be 2/(-6) + 1011/9. Let h = -76 + z. Suppose h = -3*a + 7*a. What is the highest common factor of a and 1?
1
Let s be (1 + -7)/(4/(-8)). What is the greatest common divisor of 8 and s?
4
Let t = 4 + 0. Suppose 12 + t = g. Suppose 3*f = 37 + 11. Calculate the highest common factor of g and f.
16
Let u = -45 - -25. Let d be (-4)/((-2)/u*-1). Calculate the greatest common factor of d and 16.
8
Suppose -4 = y - 2. Let p be (2 - 0) + (y - -2). Suppose 0*b = -p*b + 18. What is the highest common factor of b and 1?
1
Suppose 0 = v - 5*w - 6, 2*v - 36 = 5*w - 3*w. Let r = -8 + v. Let q = 37 - r. What is the highest common factor of 8 and q?
8
Let q = 80 + -25. Suppose -137 = -5*h - 27. Calculate the highest common factor of h and q.
11
Let u be (8 + 3 + 1)*(3 - -7). Calculate the highest common divisor of 48 and u.
24
Suppose 3 = -3*v + 6*v. Let c(q) = -1 - v + 2*q + 5*q - q**2. Let b be c(5). Calculate the greatest common divisor of b and 72.
8
Suppose -2*r + 168 = 2*r + 4*v, 0 = -2*r - 5*v + 75. Calculate the highest common factor of 30 and r.
15
Let f be (-27 + -8)*2/(-10)*3. What is the highest common factor of f and 189?
21
Suppose -4*n + 47 + 33 = 0. Calculate the greatest common divisor of n and 10.
10
Let g(r) = r**2 + 5*r - 8. Let l be g(-7). Let p = 9 + -7. Suppose 7*i - 10 = p*i. Calculate the greatest common divisor of l and i.
2
Let b(x) = x + 4. Let t be b(0). Let v(s) = -109*s + 1. Let h be v(-1). Suppose 3*j = t*j - h. Calculate the greatest common divisor of 10 and j.
10
Let y be (-1)/(-3) + (-2750)/(-66). What is the highest common factor of y and 56?
14
Let f be (-3 + 0 - -24) + 3 + -2. What is the greatest common divisor of f and 99?
11
Suppose 0*v = 4*v - 20. Let z(x) = x**3 - 4*x**2 - 2*x - 7. Let o be z(v). Calculate the greatest common divisor of o and 88.
8
Let o(g) = -17*g + 17. Let c be o(-14). Calculate the highest common factor of c and 51.
51
Let v(k) = k**2 - 6*k + 5. Let i be v(6). Suppose -2*o = -4*o + 3*d + 60, 5*o + i*d - 100 = 0. Let h = 17 + -11. What is the greatest common divisor of o and h?
6
Let z(v) = -38*v - 9. Let i be z(-4). What is the highest common divisor of 11 and i?
11
Let k = -80 + 160. Suppose 3*n - 172 = b + b, -5*b + k = n. What is the highest common divisor of n and 12?
12
Let z(s) = s**2 + 14*s - 31. Let y be z(-16). What is the greatest common factor of 3 and y?
1
Suppose 3*t = 7 + 119. Calculate the greatest common factor of 28 and t.
14
Suppose -10*x + 235 = -65. Suppose -3*f + 38 = -f. Let q = -9 + f. Calculate the highest common factor of q and x.
10
Let c = 2 - 2. Suppose -5*m + 452 - 177 = c. Let n be (-90)/(-6)*(-3)/(-9). Calculate the greatest common divisor of m and n.
5
Let t = 133 - 132. Calculate the greatest common factor of 8 and t.
1
Let z(t) = t**2 - 15*t - 25. Let g(o) = 2*o - 8. Let a be g(13). Let b be z(a). Calculate the highest common factor of 319 and b.
29
Suppose 4*z = k + 97, -6*k + 5*k + 28 = z. Let r = -28 - -49. Suppose 2*b = 2*x - x - 9, -3*x = -3*b - r. What is the highest common divisor of z and x?
5
Let s be (-36)/3*(-3)/6. Calculate the highest common factor of 6 and s.
6
Let i = 466 - 312. What is the highest common divisor of 14 and i?
14
Let r = 87 - 51. Let s = r + -14. Let j be 23/1 + (-12 + 8)/4. Calculate the greatest common factor of j and s.
22
Suppose -650 + 230 = -6*q. What is the highest common factor of 7 and q?
7
Let x be (0 - (-1 - -1))/(-2). Let q = x + 12. What is the greatest common divisor of 108 and q?
12
Let g be (-3 + (-2535)/(-20))*4/1. What is the greatest common factor of 45 and g?
45
Let x(u) = -4*u - 2. Let o be x(-1). What is the greatest common factor of o and 8?
2
Let c(i) = 3*i**2 + 9*i + 6. Let f be c(-7). Calculate the highest common divisor of f and 10.
10
Let d = -5 + 21. Suppose 3*n + 5*l = -9, 2*n = -n - 3*l - 3. Let j(w) = -w**3 + 4*w**2 + w - 2. Let q be j(n). Calculate the greatest common divisor of q and d.
8
Suppose 